{"id":17,"date":"2019-02-25T22:18:59","date_gmt":"2019-02-26T01:18:59","guid":{"rendered":"http:\/\/ipads.org.br\/cidadaniajovem\/\/?page_id=17"},"modified":"2019-05-23T14:22:16","modified_gmt":"2019-05-23T17:22:16","slug":"quem-somos","status":"publish","type":"page","link":"http:\/\/ipads.org.br\/cidadaniajovem\/quem-somos\/","title":{"rendered":"Quem somos"},"content":{"rendered":"<h2>Parceiros<\/h2>\n<p>Levar aos adolescentes mais conhecimentos em sa\u00fade e favorecer o protagonismo juvenil&nbsp; na constru\u00e7\u00e3o de hist\u00f3rias de vida \u00e9 um projeto cuja viabiliza\u00e7\u00e3o s\u00f3 foi poss\u00edvel com a parceria entre o o Instituto de Pesquisa e Apoio ao Desenvolvimento Social (Ipads), a empresa Bayer e o Conselho Nacional de Secretarias Municipais de Sa\u00fade (Conasems).<\/p>\n<p><img decoding=\"async\" loading=\"lazy\" class=\"alignnone wp-image-235 size-full\" src=\"http:\/\/ipads.org.br\/cidadaniajovem\/\/wp-content\/uploads\/2019\/04\/logo_ipads.png\" alt=\"\" width=\"100\" height=\"80\"><\/p>\n<p>O Ipads \u00e9 uma Organiza\u00e7\u00e3o da Sociedade Civil de Interesse P\u00fablico (OSCIP) que apoia a formula\u00e7\u00e3o, implanta\u00e7\u00e3o e avalia\u00e7\u00e3o de pol\u00edticas, programas e projetos na perspectiva de contribuir para o desenvolvimento social e a melhoria da qualidade de vida da popula\u00e7\u00e3o. Atua principalmente nas \u00e1reas de sa\u00fade, educa\u00e7\u00e3o, assist\u00eancia e promo\u00e7\u00e3o social e tem seu trabalho caracterizado pela interdisciplinariedade, que busca uma abordagem integral das necessidades do cidad\u00e3o. Para mais informa\u00e7\u00f5es, acesse <a href=\"https:\/\/ipads.org.br\/\">https:\/\/ipads.org.br\/<\/a><\/p>\n<p>&nbsp;<\/p>\n<p><img decoding=\"async\" loading=\"lazy\" class=\"alignnone wp-image-234 size-full\" src=\"http:\/\/ipads.org.br\/cidadaniajovem\/\/wp-content\/uploads\/2019\/04\/logo_bayer.png\" alt=\"\" width=\"100\" height=\"80\"><\/p>\n<p>A Bayer \u00e9 uma empresa global focada em Ci\u00eancias da Vida nas \u00e1reas de sa\u00fade e nutri\u00e7\u00e3o. Seus produtos e servi\u00e7os s\u00e3o desenvolvidos para beneficiar pessoas apoiando-as para superar os maiores desafios apresentados pelo crescimento e envelhecimento populacional. Al\u00e9m disso, a companhia visa criar valor por meio da inova\u00e7\u00e3o e crescimento. A Bayer \u00e9 comprometida com os princ\u00edpios do desenvolvimento sustent\u00e1vel e a marca Bayer representa confian\u00e7a, credibilidade e qualidade ao redor do mundo. Participa deste projeto como empresa cidad\u00e3, comprometida com suas responsabilidades sociais e \u00e9ticas. Para mais informa\u00e7\u00f5es, acesse&nbsp;<a href=\"http:\/\/www.bayer.com.br\/\" data-saferedirecturl=\"https:\/\/www.google.com\/url?q=http:\/\/www.bayer.com.br\/&amp;source=gmail&amp;ust=1554559447516000&amp;usg=AFQjCNEXtzb55XiFQWdqF0uLvIdZJ7bO3w\">www.bayer.com.br<\/a>.<\/p>\n<p><img decoding=\"async\" loading=\"lazy\" class=\"alignnone wp-image-233 size-full\" src=\"http:\/\/ipads.org.br\/cidadaniajovem\/\/wp-content\/uploads\/2019\/04\/logo_conasesms.png\" alt=\"\" width=\"100\" height=\"80\"><\/p>\n<p>O Conasems \u00e9 a entidade que congrega e representa as secretarias de sa\u00fade dos 5.570 munic\u00edpios brasileiros. Desde 1988, promove e consolida um novo modelo de gest\u00e3o p\u00fablica de sa\u00fade, cujo alicerce s\u00e3o conceitos como descentraliza\u00e7\u00e3o e municipaliza\u00e7\u00e3o.&nbsp;Atua em prol do desenvolvimento da sa\u00fade p\u00fablica, da universalidade e igualdade do acesso da popula\u00e7\u00e3o \u00e0s a\u00e7\u00f5es e servi\u00e7os e do fortalecimento do Sistema \u00danico de Sa\u00fade, o SUS. Para maiores informa\u00e7\u00f5es, acesse <a href=\"http:\/\/www.conasems.org.br\">www.conasems.org.br<\/a><\/p>\n<h2>Equipe<\/h2>\n<p><img decoding=\"async\" loading=\"lazy\" class=\"aligncenter size-full wp-image-75\" src=\"http:\/\/ipads.org.br\/cidadaniajovem\/\/wp-content\/uploads\/2019\/03\/oficina-validacao_01.jpg\" alt=\"\" width=\"1109\" height=\"684\" srcset=\"http:\/\/ipads.org.br\/cidadaniajovem\/wp-content\/uploads\/2019\/03\/oficina-validacao_01.jpg 1109w, http:\/\/ipads.org.br\/cidadaniajovem\/wp-content\/uploads\/2019\/03\/oficina-validacao_01-300x185.jpg 300w, http:\/\/ipads.org.br\/cidadaniajovem\/wp-content\/uploads\/2019\/03\/oficina-validacao_01-768x474.jpg 768w, http:\/\/ipads.org.br\/cidadaniajovem\/wp-content\/uploads\/2019\/03\/oficina-validacao_01-1024x632.jpg 1024w\" sizes=\"(max-width: 709px) 85vw, (max-width: 909px) 67vw, (max-width: 1362px) 62vw, 840px\" \/><br \/>\nDesenvolver atividades t\u00e3o diferentes entre si em v\u00e1rias \u00e1reas do conhecimento exigiu a forma\u00e7\u00e3o de uma equipe multidisciplinar motivada e experiente para atuar em todas as fases do projeto. Veja quem s\u00e3o os profissionais que abra\u00e7aram a causa e fazem parte dos n\u00facleos de Gest\u00e3o, Educa\u00e7\u00e3o, Sa\u00fade e Comunica\u00e7\u00e3o.<\/p>\n<h2 style=\"text-align: center;\"><strong>N\u00facleo de gest\u00e3o<\/strong><\/h2>\n<h3><strong>Coordenadora geral<\/strong>:<\/h3>\n<p>Carmen Cec\u00edlia de Campos Lavras<\/p>\n<p>M\u00e9dica sanitarista, especialista em Planejamento e Gerenciamento em Sa\u00fade e doutora em Sa\u00fade Coletiva. \u00c9 s\u00f3cia fundadora do Ipads e pesquisadora do N\u00facleo de Estudos em Pol\u00edticas P\u00fablicas da Universidade Estadual de Campinas (Nepp\/Unicamp). Desenvolve projetos nas \u00e1reas de pol\u00edtica de sa\u00fade, organiza\u00e7\u00e3o e integra\u00e7\u00e3o de sistemas e servi\u00e7os, avalia\u00e7\u00e3o e controle, desenvolvimento de recursos humanos e estrutura\u00e7\u00e3o de inst\u00e2ncias gestoras do SUS.<\/p>\n<h3><strong>Assessoria T\u00e9cnica:<\/strong><\/h3>\n<p><strong>Maria Jos\u00e9 Nogueira de S\u00e1<\/strong><\/p>\n<p>Psic\u00f3loga especializada em Planejamento e Gerenciamento em Sa\u00fade. Atua na \u00e1rea de Sa\u00fade Coletiva e Sa\u00fade Mental e tem experi\u00eancia em projetos para desenvolvimento de promo\u00e7\u00e3o da sa\u00fade, aten\u00e7\u00e3o prim\u00e1ria em sa\u00fade, pol\u00edtica e servi\u00e7os de&nbsp;sa\u00fade mental, planejamento municipal e regional em sa\u00fade e formula\u00e7\u00e3o e implanta\u00e7\u00e3o de projetos sociais.<\/p>\n<p><strong>Giulia Picchi <\/strong><\/p>\n<p>Psic\u00f3loga especializada em Gest\u00e3o Estrat\u00e9gica de Pessoas pela Universidade Presbiteriana Mackenzie. Atua em gest\u00e3o de recursos humanos e projetos, principalmente em institui\u00e7\u00f5es do terceiro setor voltadas ao desenvolvimento social e \u00e0 sa\u00fade.<\/p>\n<h3><strong>Assessoria administrativa<\/strong><\/h3>\n<p>Domenico Feliciello<\/p>\n<p>M\u00e9dico, doutor em Sa\u00fade Coletiva e pesquisador da Unicamp, atua principalmente em pol\u00edtica de sa\u00fade, redes de aten\u00e7\u00e3o e administra\u00e7\u00e3o p\u00fablica em sa\u00fade. Tem experi\u00eancia em administra\u00e7\u00e3o de institui\u00e7\u00f5es de Ensino Superior, especialmente em Comunica\u00e7\u00e3o, Planejamento Estrat\u00e9gico, Avalia\u00e7\u00e3o Institucional e Gest\u00e3o de Projetos.<\/p>\n<h3><strong>Assessoria jur\u00eddica<\/strong><\/h3>\n<p>Maria Teresa D.F.P.M. Porto<\/p>\n<p>Enfermeira&nbsp;especialista em Sa\u00fade P\u00fablica e advogada especialista em&nbsp;Desenvolvimento de Recursos Humanos para o SUS, mestre em Demografia e pesquisadora do Nepp\/Unicamp. Com experi\u00eancia em Sa\u00fade Coletiva, coordena e participa de projetos na \u00e1rea voltados a planejamento, sistemas regionais, gest\u00e3o e desenvolvimento de RH, envelhecimento populacional e Direito P\u00fablico.<\/p>\n<h3><strong>Acompanhamento e avalia\u00e7\u00e3o<\/strong><\/h3>\n<p>Thiago L. Trap\u00e9<\/p>\n<p>Psic\u00f3logo, Doutor em Pol\u00edtica, Planejamento e Gest\u00e3o pela Unicamp. \u00c9 docente e pesquisador do Departamento de Medicina Preventiva FMUSP e da Faculdade S\u00e3o Leopoldo Mandic. Possui experi\u00eancia em gest\u00e3o de sa\u00fade, sa\u00fade mental, humaniza\u00e7\u00e3o em sa\u00fade, aten\u00e7\u00e3o prim\u00e1ria e avalia\u00e7\u00e3o de servi\u00e7os e pol\u00edticas de sa\u00fade.<\/p>\n<h2 style=\"text-align: center;\"><strong>N\u00facleo Pedag\u00f3gico<\/strong><\/h2>\n<h3><strong>Respons\u00e1veis:<\/strong><\/h3>\n<p><strong>Cl\u00e1udia Chebabi<\/strong><\/p>\n<p>Pedagoga pela Universidade Estadual de Campinas, bacharela em Direito pela Faculdade S\u00e3o Francisco e especialista em Psicopedagogia pela Metrocamp. Atuou como professora nos diversos n\u00edveis de ensino.&nbsp; Tem mais de 20 anos de experi\u00eancia em gest\u00e3o de projetos educacionais e de desenvolvimento social. Desenvolve tecnologias sociais com \u00eanfase no pleno desenvolvimento humano.&nbsp;Comp\u00f5e como formadora a iniciativa <em>Convivere Mais.<\/em><\/p>\n<p><strong>Maria Helena Pereira Dias<\/strong><\/p>\n<p>Possui gradua\u00e7\u00e3o e licenciatura em Letras, Portugu\u00eas e Franc\u00eas pela Faculdade de Filosofia, Ci\u00eancias e Letras de Guaxup\u00e9 (MG), fez doutorado em Educa\u00e7\u00e3o pela Unicamp e aperfei\u00e7oamentos em utiliza\u00e7\u00e3o da internet&nbsp; como recurso pedag\u00f3gico na Universidade de Genebra, na Su\u00ed\u00e7a. Foi docente da Unicamp e, de 2012 a 2016, atuou como secret\u00e1ria de Educa\u00e7\u00e3o no munic\u00edpio de Guaran\u00e9sia (MG).<\/p>\n<p><strong>Maria Helena de S\u00e1<\/strong><\/p>\n<p>Mestre em Educa\u00e7\u00e3o pela Universidade Estadual de Campinas, Unicamp, atua na \u00e1rea com \u00eanfase em coordena\u00e7\u00e3o escolar. Tem experi\u00eancia em coordena\u00e7\u00e3o pedag\u00f3gica do Ensino Fundamental, forma\u00e7\u00e3o de professores e orienta\u00e7\u00e3o educacional para o Ensino M\u00e9dio.<\/p>\n<h2 style=\"text-align: center;\"><strong>N\u00facleo de Sa\u00fade<\/strong><\/h2>\n<h3><strong>Respons\u00e1veis:<\/strong><\/h3>\n<p><strong>Bruno Ferrari Emerich<\/strong><\/p>\n<p>Psic\u00f3logo, doutor em Sa\u00fade Coletiva. Atua no apoio ao Ensino, Pesquisa e Extens\u00e3o na Universidade Estadual de Campinas e tem experi\u00eancia docente em outras institui\u00e7\u00f5es de Ensino Superior. Tem seu trabalho voltado \u00e0s \u00e1reas de Sa\u00fade Coletiva, Sa\u00fade Mental, Forma\u00e7\u00e3o e Ensino, Supervis\u00e3o Cl\u00ednico-Institucional, Psicologia Comunit\u00e1ria e Institucional, Psicologia da Sa\u00fade e Pesquisa Qualitativa.<\/p>\n<p><strong>Gustavo Bonin Gava<\/strong><\/p>\n<p>Doutorando do Programa de P\u00f3s Gradua\u00e7\u00e3o em Desenvolvimento Econ\u00f4mico, com \u00eanfase em Economia Social e do Trabalho pelo Instituto de Economia da Unicamp. \u00c9 mestre em Desenvolvimento Econ\u00f4mico e graduado em Gest\u00e3o de Pol\u00edticas P\u00fablicas. \u00c1reas de interesse: sistemas de sa\u00fade comparados, an\u00e1lise de pol\u00edticas p\u00fablicas, prote\u00e7\u00e3o social e pol\u00edticas e sistemas de sa\u00fade.<\/p>\n<p><strong>&nbsp;Juliana Pasti Villalba <\/strong><\/p>\n<p>Dentista Sanitarista, doutora em Sa\u00fade Coletiva pela Faculdade de Ci\u00eancias M\u00e9dicas da Universidade Estadual de Campinas. Foi docente da Universidade Paulista de 2001 a 2012. Atuou como Odont\u00f3loga do Centro de Sa\u00fade da Comunidade da Unicamp, institui\u00e7\u00e3o onde atualmente integra a equipe de pesquisadores do N\u00facleo de Estudos em Pol\u00edticas P\u00fablicas (Nepp).<\/p>\n<p><strong>L\u00edlia Freire Rodrigues de Souza Li<\/strong><\/p>\n<p>M\u00e9dica especialista em Pediatria, Endocrinologia Pedi\u00e1trica e Medicina do Adolescente. \u00c9 professora assistente doutora respons\u00e1vel pela disciplina de Medicina do Adolescente do Departamento de Pediatria da Universidade Estadual de Campinas. Atua principalmente em doen\u00e7as \u00f3sseo-metab\u00f3licas e interven\u00e7\u00e3o comunit\u00e1ria para preven\u00e7\u00e3o de riscos na adolesc\u00eancia.<\/p>\n<h3><strong>Acompanhamento:<\/strong><\/h3>\n<p><strong>Maria Regina Marques de Almeida<\/strong><\/p>\n<p>Fisioterapeuta, mestre em Educa\u00e7\u00e3o em Sa\u00fade, especialista em Planejamento e Gerenciamento em Sa\u00fade, s\u00f3cia fundadora do Ipads. Atuou como docente e na \u00e1rea administrativa da PUC Campinas. Trabalha em projetos nas \u00e1reas de pol\u00edtica de sa\u00fade, integra\u00e7\u00e3o de servi\u00e7os, avalia\u00e7\u00e3o e controle e desenvolvimento de recursos humanos.<\/p>\n<p><strong>Tisuko Sinto Rinaldi<\/strong><\/p>\n<p>M\u00e9dica pediatra com especializa\u00e7\u00e3o em Sa\u00fade P\u00fablica e ampla experi\u00eancia como gestora. Atuou na Secretaria Estadual da Sa\u00fade de S\u00e3o Paulo, foi titular da Secretaria Municipal de Ja\u00fa e supervisora m\u00e9dica pericial na Ger\u00eancia Executiva do INSS em Bauru\/SP. Participou de inst\u00e2ncias colegiadas como CIB\/SP e COSEMS\/SP. Atualmente \u00e9 pesquisadora colaboradora do Programa de Estudos de Sistemas de Sa\u00fade &#8211; PESS\/NEPP da Universidade Estadual de Campinas.&nbsp;<\/p>\n<h2 style=\"text-align: center;\"><strong>N\u00facleo de Comunica\u00e7\u00e3o<\/strong><\/h2>\n<p style=\"text-align: left;\"><strong>Lenir Brizzi<\/strong><\/p>\n<p>Graduada em Comunica\u00e7\u00e3o Social com habilita\u00e7\u00e3o em jornalismo pela &nbsp;Universidade Estadual de Londrina (PR). Experi\u00eancia em reportagem e edi\u00e7\u00e3o para m\u00eddia impressa, r\u00e1dio, TV aberta e internet; assessoria de imprensa em entidades sociais e institui\u00e7\u00f5es p\u00fablicas e privadas, roteiro de v\u00eddeos institucionais e roteiro e dire\u00e7\u00e3o de document\u00e1rios.<\/p>\n<p><strong>Marcus Vinicius Pasini Ozores<\/strong><\/p>\n<p>Soci\u00f3logo, mestre em Tecnologia de Educa\u00e7\u00e3o pela Universidade Estadual de Campinas e jornalista com experi\u00eancia em v\u00e1rios ve\u00edculos de comunica\u00e7\u00e3o impressa nos estados do Paran\u00e1 e de S\u00e3o Paulo. Na Unicamp, atuou na assessoria de imprensa e no Laborat\u00f3rio de Jornalismo (Labjor), e desde 2013 trabalha junto ao N\u00facleo de Estudos de Pol\u00edticas P\u00fablicas (Nepp)<\/p>\n<p>&nbsp;<\/p>\n","protected":false},"excerpt":{"rendered":"<p>Parceiros Levar aos adolescentes mais conhecimentos em sa\u00fade e favorecer o protagonismo juvenil&nbsp; na constru\u00e7\u00e3o de hist\u00f3rias de vida \u00e9 um projeto cuja viabiliza\u00e7\u00e3o s\u00f3 foi poss\u00edvel com a parceria entre o o Instituto de Pesquisa e Apoio ao Desenvolvimento Social (Ipads), a empresa Bayer e o Conselho Nacional de Secretarias Municipais de Sa\u00fade (Conasems). &hellip; <a href=\"http:\/\/ipads.org.br\/cidadaniajovem\/quem-somos\/\" class=\"more-link\">Continue lendo<span class=\"screen-reader-text\"> &#8220;Quem somos&#8221;<\/span><\/a><\/p>\n","protected":false},"author":1,"featured_media":0,"parent":0,"menu_order":0,"comment_status":"closed","ping_status":"closed","template":"","meta":{"ngg_post_thumbnail":0},"yoast_head":"<!-- This site is optimized with the Yoast SEO plugin v20.11 - https:\/\/yoast.com\/wordpress\/plugins\/seo\/ -->\n<title>Quem somos - Cidadania Jovem<\/title>\n<meta name=\"robots\" content=\"index, follow, max-snippet:-1, max-image-preview:large, max-video-preview:-1\" \/>\n<link rel=\"canonical\" href=\"http:\/\/ipads.org.br\/cidadaniajovem\/quem-somos\/\" \/>\n<meta property=\"og:locale\" content=\"pt_BR\" \/>\n<meta property=\"og:type\" content=\"article\" \/>\n<meta property=\"og:title\" content=\"Quem somos - Cidadania Jovem\" \/>\n<meta property=\"og:description\" content=\"Parceiros Levar aos adolescentes mais conhecimentos em sa\u00fade e favorecer o protagonismo juvenil&nbsp; na constru\u00e7\u00e3o de hist\u00f3rias de vida \u00e9 um projeto cuja viabiliza\u00e7\u00e3o s\u00f3 foi poss\u00edvel com a parceria entre o o Instituto de Pesquisa e Apoio ao Desenvolvimento Social (Ipads), a empresa Bayer e o Conselho Nacional de Secretarias Municipais de Sa\u00fade (Conasems). &hellip; Continue lendo &quot;Quem somos&quot;\" \/>\n<meta property=\"og:url\" content=\"http:\/\/ipads.org.br\/cidadaniajovem\/quem-somos\/\" \/>\n<meta property=\"og:site_name\" content=\"Cidadania Jovem\" \/>\n<meta property=\"article:modified_time\" content=\"2019-05-23T17:22:16+00:00\" \/>\n<meta property=\"og:image\" content=\"http:\/\/ipads.org.br\/cidadaniajovem\/\/wp-content\/uploads\/2019\/04\/logo_ipads.png\" \/>\n<meta name=\"twitter:card\" content=\"summary_large_image\" \/>\n<meta name=\"twitter:label1\" content=\"Est. tempo de leitura\" \/>\n\t<meta name=\"twitter:data1\" content=\"8 minutos\" \/>\n<script type=\"application\/ld+json\" class=\"yoast-schema-graph\">{\"@context\":\"https:\/\/schema.org\",\"@graph\":[{\"@type\":\"WebPage\",\"@id\":\"http:\/\/ipads.org.br\/cidadaniajovem\/quem-somos\/\",\"url\":\"http:\/\/ipads.org.br\/cidadaniajovem\/quem-somos\/\",\"name\":\"Quem somos - Cidadania Jovem\",\"isPartOf\":{\"@id\":\"https:\/\/ipads.org.br\/cidadaniajovem\/#website\"},\"datePublished\":\"2019-02-26T01:18:59+00:00\",\"dateModified\":\"2019-05-23T17:22:16+00:00\",\"breadcrumb\":{\"@id\":\"http:\/\/ipads.org.br\/cidadaniajovem\/quem-somos\/#breadcrumb\"},\"inLanguage\":\"pt-BR\",\"potentialAction\":[{\"@type\":\"ReadAction\",\"target\":[\"http:\/\/ipads.org.br\/cidadaniajovem\/quem-somos\/\"]}]},{\"@type\":\"BreadcrumbList\",\"@id\":\"http:\/\/ipads.org.br\/cidadaniajovem\/quem-somos\/#breadcrumb\",\"itemListElement\":[{\"@type\":\"ListItem\",\"position\":1,\"name\":\"In\u00edcio\",\"item\":\"https:\/\/ipads.org.br\/cidadaniajovem\/\"},{\"@type\":\"ListItem\",\"position\":2,\"name\":\"Quem somos\"}]},{\"@type\":\"WebSite\",\"@id\":\"https:\/\/ipads.org.br\/cidadaniajovem\/#website\",\"url\":\"https:\/\/ipads.org.br\/cidadaniajovem\/\",\"name\":\"Cidadania Jovem\",\"description\":\"Promo\u00e7\u00e3o da sa\u00fade de adolescentes\",\"potentialAction\":[{\"@type\":\"SearchAction\",\"target\":{\"@type\":\"EntryPoint\",\"urlTemplate\":\"https:\/\/ipads.org.br\/cidadaniajovem\/?s={search_term_string}\"},\"query-input\":\"required name=search_term_string\"}],\"inLanguage\":\"pt-BR\"}]}<\/script>\n<!-- \/ Yoast SEO plugin. -->","yoast_head_json":{"title":"Quem somos - Cidadania Jovem","robots":{"index":"index","follow":"follow","max-snippet":"max-snippet:-1","max-image-preview":"max-image-preview:large","max-video-preview":"max-video-preview:-1"},"canonical":"http:\/\/ipads.org.br\/cidadaniajovem\/quem-somos\/","og_locale":"pt_BR","og_type":"article","og_title":"Quem somos - Cidadania Jovem","og_description":"Parceiros Levar aos adolescentes mais conhecimentos em sa\u00fade e favorecer o protagonismo juvenil&nbsp; na constru\u00e7\u00e3o de hist\u00f3rias de vida \u00e9 um projeto cuja viabiliza\u00e7\u00e3o s\u00f3 foi poss\u00edvel com a parceria entre o o Instituto de Pesquisa e Apoio ao Desenvolvimento Social (Ipads), a empresa Bayer e o Conselho Nacional de Secretarias Municipais de Sa\u00fade (Conasems). &hellip; Continue lendo \"Quem somos\"","og_url":"http:\/\/ipads.org.br\/cidadaniajovem\/quem-somos\/","og_site_name":"Cidadania Jovem","article_modified_time":"2019-05-23T17:22:16+00:00","og_image":[{"url":"http:\/\/ipads.org.br\/cidadaniajovem\/\/wp-content\/uploads\/2019\/04\/logo_ipads.png"}],"twitter_card":"summary_large_image","twitter_misc":{"Est. tempo de leitura":"8 minutos"},"schema":{"@context":"https:\/\/schema.org","@graph":[{"@type":"WebPage","@id":"http:\/\/ipads.org.br\/cidadaniajovem\/quem-somos\/","url":"http:\/\/ipads.org.br\/cidadaniajovem\/quem-somos\/","name":"Quem somos - Cidadania Jovem","isPartOf":{"@id":"https:\/\/ipads.org.br\/cidadaniajovem\/#website"},"datePublished":"2019-02-26T01:18:59+00:00","dateModified":"2019-05-23T17:22:16+00:00","breadcrumb":{"@id":"http:\/\/ipads.org.br\/cidadaniajovem\/quem-somos\/#breadcrumb"},"inLanguage":"pt-BR","potentialAction":[{"@type":"ReadAction","target":["http:\/\/ipads.org.br\/cidadaniajovem\/quem-somos\/"]}]},{"@type":"BreadcrumbList","@id":"http:\/\/ipads.org.br\/cidadaniajovem\/quem-somos\/#breadcrumb","itemListElement":[{"@type":"ListItem","position":1,"name":"In\u00edcio","item":"https:\/\/ipads.org.br\/cidadaniajovem\/"},{"@type":"ListItem","position":2,"name":"Quem somos"}]},{"@type":"WebSite","@id":"https:\/\/ipads.org.br\/cidadaniajovem\/#website","url":"https:\/\/ipads.org.br\/cidadaniajovem\/","name":"Cidadania Jovem","description":"Promo\u00e7\u00e3o da sa\u00fade de adolescentes","potentialAction":[{"@type":"SearchAction","target":{"@type":"EntryPoint","urlTemplate":"https:\/\/ipads.org.br\/cidadaniajovem\/?s={search_term_string}"},"query-input":"required name=search_term_string"}],"inLanguage":"pt-BR"}]}},"_links":{"self":[{"href":"http:\/\/ipads.org.br\/cidadaniajovem\/wp-json\/wp\/v2\/pages\/17"}],"collection":[{"href":"http:\/\/ipads.org.br\/cidadaniajovem\/wp-json\/wp\/v2\/pages"}],"about":[{"href":"http:\/\/ipads.org.br\/cidadaniajovem\/wp-json\/wp\/v2\/types\/page"}],"author":[{"embeddable":true,"href":"http:\/\/ipads.org.br\/cidadaniajovem\/wp-json\/wp\/v2\/users\/1"}],"replies":[{"embeddable":true,"href":"http:\/\/ipads.org.br\/cidadaniajovem\/wp-json\/wp\/v2\/comments?post=17"}],"version-history":[{"count":24,"href":"http:\/\/ipads.org.br\/cidadaniajovem\/wp-json\/wp\/v2\/pages\/17\/revisions"}],"predecessor-version":[{"id":500,"href":"http:\/\/ipads.org.br\/cidadaniajovem\/wp-json\/wp\/v2\/pages\/17\/revisions\/500"}],"wp:attachment":[{"href":"http:\/\/ipads.org.br\/cidadaniajovem\/wp-json\/wp\/v2\/media?parent=17"}],"curies":[{"name":"wp","href":"https:\/\/api.w.org\/{rel}","templated":true}]}}