{"id":148,"date":"2018-10-20T18:38:30","date_gmt":"2018-10-20T21:38:30","guid":{"rendered":"http:\/\/www.uncle.com.br\/zikalab\/site\/?page_id=148"},"modified":"2018-10-24T21:04:28","modified_gmt":"2018-10-25T00:04:28","slug":"cadastro-servicos","status":"publish","type":"page","link":"http:\/\/ipads.org.br\/zikalab\/cadastro-servicos\/","title":{"rendered":"Cadastro servi\u00e7os"},"content":{"rendered":"<p><script type=\"text\/javascript\">\njQuery(function($){\n   $(\"#cep\").change(function(){\n      var cep_code = $(this).val();\n      if( cep_code.length <= 0 ) return;\n      $.get(\"http:\/\/apps.widenet.com.br\/busca-cep\/api\/cep.json\", { code: cep_code },\n         function(result){\n            if( result.status!=1 ){\n               alert(result.message || \"Houve um erro desconhecido\");\n               return;\n            }\n            $(\"input#cep\").val( result.code );\n            $(\"input#estado\").val( result.state );\n            $(\"input#cidade\").val( result.city );\n            $(\"input#bairro\").val( result.district );\nvar novo_endereco = result.address.split(\"-\",1);\n$(\"input#endereco\").val( novo_endereco );\n \n         });\n   });\n});\n<\/script><\/p>\n<form class=\"form-cadastro\" action=\"http:\/\/ipads.org.br\/zikalab\/cadastrar\/\" method=\"post\">\n        <input type=\"hidden\" name=\"check\" id=\"check\"><\/p>\n<div class=\"field\">\n            <label for=\"instituicao\">Nome da Institui\u00e7\u00e3o<\/label><br \/>\n            <input type=\"text\" name=\"instituicao\" id=\"instituicao\" required=\"\">\n        <\/div>\n<p><!--\/.field --><\/p>\n<div class=\"field\">\n            <label for=\"nome\">Nome Respons\u00e1vel<\/label><br \/>\n            <input type=\"text\" name=\"nome\" id=\"nome\" required=\"\">\n        <\/div>\n<p><!--\/.field --><\/p>\n<div class=\"field field-email\">\n            <label for=\"email\">E-mail contato<\/label><br \/>\n            <input type=\"text\" name=\"email\" id=\"email\" required=\"\">\n        <\/div>\n<p><!--\/.field --><\/p>\n<div class=\"field field-email\">\n            <label for=\"email2\">E-mail secund\u00e1rio<\/label><br \/>\n            <input type=\"text\" name=\"email2\" id=\"email02\">\n        <\/div>\n<p><!--\/.field --><\/p>\n<div class=\"field-group\">\n<div class=\"field field-phone\">\n                <label for=\"fone\">Telefone<\/label><br \/>\n                <input type=\"text\" name=\"fone\" id=\"fone\" required=\"\">\n            <\/div>\n<p><!--\/.field --><\/p>\n<div class=\"field field-phone\">\n                <label for=\"fone2\">Telefone 2<\/label><br \/>\n                <input type=\"text\" name=\"fone2\" id=\"fone2\">\n            <\/div>\n<p><!--\/.field --><\/p><\/div>\n<p><!--\/.field-group --><\/p>\n<div class=\"field field-cep\">\n            <label for=\"cep\">CEP<\/label><br \/>\n            <input type=\"text\" name=\"cep\" id=\"cep\">\n        <\/div>\n<p><!--\/.field --><\/p>\n<div class=\"field\">\n            <label for=\"endereco\">Endere\u00e7o completo<\/label><br \/>\n            <input type=\"text\" name=\"endereco\" id=\"endereco\" required=\"\">\n        <\/div>\n<p><!--\/.field --><\/p>\n<div class=\"field-group\">\n<div class=\"field field-bairro\">\n                <label for=\"bairro\">Bairro<\/label><br \/>\n                <input type=\"text\" name=\"bairro\" id=\"bairro\" required=\"\">\n            <\/div>\n<p><!--\/.field --><\/p>\n<div class=\"field field-cidade\">\n                <label for=\"cidade\">Cidade<\/label><br \/>\n                <input type=\"text\" name=\"cidade\" id=\"cidade\" >\n            <\/div>\n<p><!--\/.field --><\/p>\n<div class=\"field field-uf\">\n                <label for=\"uf\">UF<\/label><br \/>\n                <input type=\"text\" name=\"estado\" id=\"estado\" >\n            <\/div>\n<p><!--\/.field --><\/p><\/div>\n<p><!--\/.field-group --><\/p>\n<div class=\"field\">\n            <label for=\"site\">Site da prestadora de servi\u00e7o<\/label><br \/>\n            <input type=\"text\" name=\"site\" id=\"site\">\n        <\/div>\n<p><!--\/.field --><\/p>\n<div class=\"field\">\n            <label for=\"facebook\">Facebook<\/label><br \/>\n            <input type=\"text\" name=\"facebook\" id=\"facebook\">\n        <\/div>\n<p><!--\/.field --><\/p>\n<div class=\"field\">\n            <label for=\"instagram\">Instagram<\/label><br \/>\n            <input type=\"text\" name=\"instagram\" id=\"instagram\">\n        <\/div>\n<p><!--\/.field --><\/p>\n<div class=\"field field-textarea\">\n            <label for=\"texto\">Texto de apresenta\u00e7\u00e3o <span class=\"limit\">Faltam <strong>400<\/strong> caracteres para o limite<\/span><\/label><br \/>\n            <textarea name=\"texto\" id=\"texto\" rows=\"5\" maxlength=\"400\" required=\"\"><\/textarea>\n        <\/div>\n<p><!--\/.field --><\/p>\n<div class=\"field\">\n            <label for=\"publico_alvo\">P\u00fablico-alvo<\/label><br \/>\n            <input type=\"text\" name=\"publico_alvo\" id=\"publico_alvo\">\n        <\/div>\n<p><!--\/.field --><\/p>\n<div class=\"field field-checkboxes\">\n\t\t\t\t<label for=\"areas_atuacao\"><strong>\u00c1reas de atua\u00e7\u00e3o<\/strong><\/label><br \/>\n\t\t\t\t<label class=\"checkbox\"><input type=\"checkbox\" name=\"areas_atuacao[]\" value=\"Assist\u00eancia Social\"><span>Assist\u00eancia Social<\/span><\/label><br \/>\n\t\t\t\t<label class=\"checkbox\"><input type=\"checkbox\" name=\"areas_atuacao[]\" value=\"Cultura\"><span>Cultura<\/span><\/label><br \/>\n\t\t\t\t<label class=\"checkbox\"><input type=\"checkbox\" name=\"areas_atuacao[]\" value=\"Defesa de Direitos\"><span>Defesa de Direitos<\/span><\/label><br \/>\n\t\t\t\t<label class=\"checkbox\"><input type=\"checkbox\" name=\"areas_atuacao[]\" value=\"Educa\u00e7\u00e3o\"><span>Educa\u00e7\u00e3o<\/span><\/label><br \/>\n\t\t\t\t<label class=\"checkbox\"><input type=\"checkbox\" name=\"areas_atuacao[]\" value=\"Esporte\"><span>Esporte<\/span><\/label><br \/>\n\t\t\t\t<label class=\"checkbox\"><input type=\"checkbox\" name=\"areas_atuacao[]\" value=\"Informa\u00e7\u00e3o\"><span>Informa\u00e7\u00e3o<\/span><\/label><br \/>\n\t\t\t\t<label class=\"checkbox\"><input type=\"checkbox\" name=\"areas_atuacao[]\" value=\"Sa\u00fade\"><span>Sa\u00fade<\/span><\/label><br \/>\n\t\t\t\t<label class=\"checkbox\"><input type=\"checkbox\" name=\"areas_atuacao[]\" value=\"Trabalho\"><span>Trabalho<\/span><\/label><br \/>\n                <label class=\"checkbox\"><input type=\"checkbox\" name=\"areas_atuacao[]\" value=\"Outros\"><span>Outros<\/span><\/label>\n                    <\/div>\n<p><!--\/.field --><\/p>\n<div class=\"field field-submit\">\n            <button type=\"submit\">Enviar para avalia\u00e7\u00e3o<\/button>\n        <\/div>\n<p><!--\/.field --><\/p><\/form>\n","protected":false},"excerpt":{"rendered":"<p>Nome da Institui\u00e7\u00e3o Nome Respons\u00e1vel E-mail contato E-mail secund\u00e1rio Telefone Telefone 2 CEP Endere\u00e7o completo Bairro Cidade UF Site da prestadora de servi\u00e7o Facebook Instagram Texto de apresenta\u00e7\u00e3o Faltam 400 caracteres para o limite P\u00fablico-alvo \u00c1reas de atua\u00e7\u00e3o Assist\u00eancia Social Cultura Defesa de Direitos Educa\u00e7\u00e3o Esporte Informa\u00e7\u00e3o Sa\u00fade Trabalho Outros Enviar para avalia\u00e7\u00e3o<\/p>\n","protected":false},"author":1,"featured_media":0,"parent":0,"menu_order":0,"comment_status":"closed","ping_status":"closed","template":"","meta":[],"_links":{"self":[{"href":"http:\/\/ipads.org.br\/zikalab\/wp-json\/wp\/v2\/pages\/148"}],"collection":[{"href":"http:\/\/ipads.org.br\/zikalab\/wp-json\/wp\/v2\/pages"}],"about":[{"href":"http:\/\/ipads.org.br\/zikalab\/wp-json\/wp\/v2\/types\/page"}],"author":[{"embeddable":true,"href":"http:\/\/ipads.org.br\/zikalab\/wp-json\/wp\/v2\/users\/1"}],"replies":[{"embeddable":true,"href":"http:\/\/ipads.org.br\/zikalab\/wp-json\/wp\/v2\/comments?post=148"}],"version-history":[{"count":16,"href":"http:\/\/ipads.org.br\/zikalab\/wp-json\/wp\/v2\/pages\/148\/revisions"}],"predecessor-version":[{"id":258,"href":"http:\/\/ipads.org.br\/zikalab\/wp-json\/wp\/v2\/pages\/148\/revisions\/258"}],"wp:attachment":[{"href":"http:\/\/ipads.org.br\/zikalab\/wp-json\/wp\/v2\/media?parent=148"}],"curies":[{"name":"wp","href":"https:\/\/api.w.org\/{rel}","templated":true}]}}