{"id":71,"date":"2018-10-12T16:10:19","date_gmt":"2018-10-12T19:10:19","guid":{"rendered":"http:\/\/www.uncle.com.br\/zikalab\/site\/?page_id=71"},"modified":"2019-05-28T18:32:07","modified_gmt":"2019-05-28T21:32:07","slug":"para-ler","status":"publish","type":"page","link":"http:\/\/ipads.org.br\/zikalab\/para-ler\/","title":{"rendered":"Para ler"},"content":{"rendered":"<h2>Produc\u0327a\u0303o de Conhecimento<\/h2>\n<p>Com o intuito de democratizar o acesso a\u0300 informac\u0327a\u0303o e o empoderamento da populac\u0327a\u0303o por meio do conhecimento o projeto ZikaLab utilizou seus canais de comunicac\u0327a\u0303o para disseminar pesquisas cienti\u0301ficas e noti\u0301cias sobre os avanc\u0327os em relac\u0327a\u0303o as arboviroses, em especial o vi\u0301rus Zika.<\/p>\n<h2>Downloads<\/h2>\n<div><img decoding=\"async\" loading=\"lazy\" class=\"alignleft size-full wp-image-245\" src=\"http:\/\/www.uncle.com.br\/zikalab\/site\/wp-content\/uploads\/2018\/10\/manual.jpg\" alt=\"capa manual\" width=\"400\" height=\"347\" srcset=\"http:\/\/ipads.org.br\/zikalab\/wp-content\/uploads\/2018\/10\/manual.jpg 400w, http:\/\/ipads.org.br\/zikalab\/wp-content\/uploads\/2018\/10\/manual-300x260.jpg 300w\" sizes=\"(max-width: 400px) 85vw, 400px\" \/><span class=\"titulo_ler\">Manual t\u00e9cnico<\/span><br \/>\nElaborado por especialistas de diversas a\u0301reas como material de apoio para os profissionais de sau\u0301de participantes das oficinas de formac\u0327a\u0303o do projeto, trata de temas como planejamento, gesta\u0303o, epidemiologia, cli\u0301nica, prevenc\u0327a\u0303o, sau\u0301de da mulher, sau\u0301de da crianc\u0327a e intervenc\u0327a\u0303o precoce.<\/div>\n<div>\n<p>&nbsp;<\/p>\n<p><a class=\"botao_rosa\" href=\"http:\/\/ipads.org.br\/wp-content\/uploads\/2017\/10\/manual-tecnico-projeto-zikalab.pdf\" target=\"_blank\" rel=\"noopener\">Fazer download &#8211; Vers\u00e3o 2016<\/a><\/p>\n<p><a class=\"botao_rosa\" href=\"http:\/\/ipads.org.br\/zikalab\/img\/manual2018-v3.pdf\" target=\"_blank\" rel=\"noopener\">Fazer download &#8211; Vers\u00e3o 2018<\/a><\/p>\n<\/div>\n<p>&nbsp;<\/p>\n<p><span class=\"titulo_ler\"><img decoding=\"async\" loading=\"lazy\" class=\" wp-image-2007 alignleft\" src=\"http:\/\/ipads.org.br\/zikalab\/wp-content\/uploads\/2019\/05\/Relat\u00f3rio-Zikalab-2018_P\u00e1gina_01-300x260.jpg\" alt=\"\" width=\"395\" height=\"342\" srcset=\"http:\/\/ipads.org.br\/zikalab\/wp-content\/uploads\/2019\/05\/Relat\u00f3rio-Zikalab-2018_P\u00e1gina_01-300x260.jpg 300w, http:\/\/ipads.org.br\/zikalab\/wp-content\/uploads\/2019\/05\/Relat\u00f3rio-Zikalab-2018_P\u00e1gina_01-768x665.jpg 768w, http:\/\/ipads.org.br\/zikalab\/wp-content\/uploads\/2019\/05\/Relat\u00f3rio-Zikalab-2018_P\u00e1gina_01-1024x887.jpg 1024w, http:\/\/ipads.org.br\/zikalab\/wp-content\/uploads\/2019\/05\/Relat\u00f3rio-Zikalab-2018_P\u00e1gina_01-1200x1039.jpg 1200w\" sizes=\"(max-width: 395px) 85vw, 395px\" \/>Relat\u00f3rio Zikalab 2018\u00a0<\/span><\/p>\n<p>Material re\u00fane o conjunto de a\u00e7\u00f5es realizadas pelo projeto com informa\u00e7\u00f5es, imagens, alcance geogr\u00e1fico, impacto das a\u00e7\u00f5es, depoimentos, hist\u00f3rias e tudo o que aconteceu no primeiro ano de Zikalab.<\/p>\n<p><a class=\"botao_rosa\" style=\"text-align: right;\" href=\"http:\/\/ipads.org.br\/wp-content\/uploads\/2017\/10\/relatorio-final-projeto-zikalab.pdf?fbclid=IwAR0Lgln6EjJ2gjCQJrlcAc9g8VQh_tMdeRMwrVh4hTQwJ24C2OvrdRnwUi8\" target=\"_blank\" rel=\"noopener\">Fazer download &#8211; vers\u00e3o 2016<\/a><\/p>\n<p><a class=\"botao_rosa\" style=\"text-align: right;\" href=\"http:\/\/ipads.org.br\/zikalab\/wp-content\/uploads\/2019\/05\/Relat\u00f3rio-Zikalab-2018.pdf\" target=\"_blank\" rel=\"noopener\">Fazer download &#8211; vers\u00e3o 2018<\/a><\/p>\n<h2>Artigos<\/h2>\n<ul class=\"display-posts-listing\"><li class=\"listing-item\"><a class=\"title\" href=\"http:\/\/ipads.org.br\/zikalab\/artigos\/terapia-ocupacional\/\">Terapia Ocupacional e a aten\u00e7\u00e3o a crian\u00e7as com S\u00edndrome Cong\u00eanita do Zika V\u00edrus na perspectiva da Interven\u00e7\u00e3o Precoce<\/a> <span class=\"excerpt-dash\">-<\/span> <span class=\"excerpt\">Autoras: D\u00e9bora Ribeiro da Silva Campos Folha | Bruna Pereira Ricci Marini | Ana C\u00e9lia Nunes | Patr\u00edcia Carla de Souza Della Barba\r\n<\/span><\/li><li class=\"listing-item\"><a class=\"title\" href=\"http:\/\/ipads.org.br\/zikalab\/artigos\/arboviroses-emergentes-no-brasil-desafios-para-a-clinica-e-implicacoes-para-a-saude-publica\/\">Arboviroses emergentes no Brasil:  desafios para a cl\u00ednica e implica\u00e7\u00f5es para  a sa\u00fade p\u00fablica<\/a> <span class=\"excerpt-dash\">-<\/span> <span class=\"excerpt\">Maria Rita Donalisio, Andr\u00e9 Ricardo Ribas Freitas, Andrea Paula Bruno Von Zuben. &nbsp; EMERG\u00caNCIA DE ARBOV\u00cdRUS Os arbov\u00edrus (ARthropod BOrne VIRUS) t\u00eam sido motivo de grande preocupa\u00e7\u00e3o em sa\u00fade p\u00fablica em todo o mundo. Esse conjunto \u00e9 composto por centenas de v\u00edrus que compartilham a caracter\u00edstica de serem transmitidos por artr\u00f3podes, em sua maioria mosquitos &hellip; <a href=\"http:\/\/ipads.org.br\/zikalab\/artigos\/arboviroses-emergentes-no-brasil-desafios-para-a-clinica-e-implicacoes-para-a-saude-publica\/\" class=\"more-link\">Continue lendo<span class=\"screen-reader-text\"> \"Arboviroses emergentes no Brasil:  desafios para a cl\u00ednica e implica\u00e7\u00f5es para  a sa\u00fade p\u00fablica\"<\/span><\/a><\/span><\/li><li class=\"listing-item\"><a class=\"title\" href=\"http:\/\/ipads.org.br\/zikalab\/artigos\/zika-de-a-a-z-virus-emergentes\/\">Zika de A \u00e0 Z | V\u00edrus emergentes<\/a> <span class=\"excerpt-dash\">-<\/span> <span class=\"excerpt\"><\/span><\/li><li class=\"listing-item\"><a class=\"title\" href=\"http:\/\/ipads.org.br\/zikalab\/artigos\/zika-de-a-a-z-o-que-sao-arboviroses\/\">Zika de A \u00e0 Z | O que s\u00e3o Arboviroses?<\/a> <span class=\"excerpt-dash\">-<\/span> <span class=\"excerpt\"><\/span><\/li><\/ul>\n","protected":false},"excerpt":{"rendered":"<p>Produc\u0327a\u0303o de Conhecimento Com o intuito de democratizar o acesso a\u0300 informac\u0327a\u0303o e o empoderamento da populac\u0327a\u0303o por meio do conhecimento o projeto ZikaLab utilizou seus canais de comunicac\u0327a\u0303o para disseminar pesquisas cienti\u0301ficas e noti\u0301cias sobre os avanc\u0327os em relac\u0327a\u0303o as arboviroses, em especial o vi\u0301rus Zika. Downloads Manual t\u00e9cnico Elaborado por especialistas de diversas &hellip; <a href=\"http:\/\/ipads.org.br\/zikalab\/artigos\/zika-de-a-a-z-o-que-sao-arboviroses\/\" class=\"more-link\">Continue lendo<span class=\"screen-reader-text\"> &#8220;Zika de A \u00e0 Z | O que s\u00e3o Arboviroses?&#8221;<\/span><\/a><\/p>\n","protected":false},"author":1,"featured_media":0,"parent":0,"menu_order":0,"comment_status":"closed","ping_status":"closed","template":"ler-template.php","meta":[],"_links":{"self":[{"href":"http:\/\/ipads.org.br\/zikalab\/wp-json\/wp\/v2\/pages\/71"}],"collection":[{"href":"http:\/\/ipads.org.br\/zikalab\/wp-json\/wp\/v2\/pages"}],"about":[{"href":"http:\/\/ipads.org.br\/zikalab\/wp-json\/wp\/v2\/types\/page"}],"author":[{"embeddable":true,"href":"http:\/\/ipads.org.br\/zikalab\/wp-json\/wp\/v2\/users\/1"}],"replies":[{"embeddable":true,"href":"http:\/\/ipads.org.br\/zikalab\/wp-json\/wp\/v2\/comments?post=71"}],"version-history":[{"count":35,"href":"http:\/\/ipads.org.br\/zikalab\/wp-json\/wp\/v2\/pages\/71\/revisions"}],"predecessor-version":[{"id":2008,"href":"http:\/\/ipads.org.br\/zikalab\/wp-json\/wp\/v2\/pages\/71\/revisions\/2008"}],"wp:attachment":[{"href":"http:\/\/ipads.org.br\/zikalab\/wp-json\/wp\/v2\/media?parent=71"}],"curies":[{"name":"wp","href":"https:\/\/api.w.org\/{rel}","templated":true}]}}