{"id":35,"date":"2019-05-12T13:23:43","date_gmt":"2019-05-12T16:23:43","guid":{"rendered":"http:\/\/localhost:8080\/md-publicidade\/glicamelito\/?page_id=35"},"modified":"2019-05-15T04:39:32","modified_gmt":"2019-05-15T07:39:32","slug":"parceria","status":"publish","type":"page","link":"https:\/\/ipads.org.br\/glicamelito\/parceria\/","title":{"rendered":"Parceiros"},"content":{"rendered":"\n<p>PROJETO  GLICA MELITO  I  DIABETES MELLITUS TIPO 1:<br>Implementa\u00e7\u00e3o do Protocolo Cl\u00ednico e Diretrizes Terap\u00eauticas (PCDT) no SUS<\/p>\n\n\n\n<div class=\"wp-block-columns has-3-columns is-layout-flex wp-container-4\">\n<div class=\"wp-block-column is-layout-flow\">\n<figure class=\"wp-block-image\"><img decoding=\"async\" loading=\"lazy\" width=\"112\" height=\"88\" src=\"http:\/\/ipads.org.br\/glicamelito\/wp-content\/uploads\/2019\/05\/ico-conasems-2-1.png\" alt=\"\" class=\"wp-image-86\"\/><\/figure>\n\n\n\n<p class=\"has-small-font-size\">O Conselho Nacional de Secretarias municipais de Sa\u00fade \u2013 CONASEMS \u2013 nasceu a partir do movimento social em prol da sa\u00fade p\u00fablica e se legitimou como uma for\u00e7a pol\u00edtica, que assumiu a miss\u00e3o de agregar e de representar o conjunto de todas as secretarias municipais de sa\u00fade do pa\u00eds.<\/p>\n\n\n\n<p class=\"has-small-font-size\">Desde 1988 promove e consolida um novo modelo de gest\u00e3o p\u00fablica de sa\u00fade alicer\u00e7ado em conceitos como descentraliza\u00e7\u00e3o e municipaliza\u00e7\u00e3o.<\/p>\n\n\n\n<p class=\"has-small-font-size\">Defendeu de forma incondicional que o sistema p\u00fablico de sa\u00fade seria mais eficaz \u00e0 medida que os munic\u00edpios deixassem de ser somente executores de a\u00e7\u00f5es, e assumissem tamb\u00e9m o papel de formuladores de pol\u00edticas p\u00fablicas. Como art\u00edfice de um plano de inclus\u00e3o social, o CONASEMS passou a auxiliar os munic\u00edpios na formula\u00e7\u00e3o de estrat\u00e9gias voltadas ao aperfei\u00e7oamento dos seus respectivos sistemas de sa\u00fade, primando pelo interc\u00e2mbio de informa\u00e7\u00f5es e pela coopera\u00e7\u00e3o t\u00e9cnica.<\/p>\n\n\n\n<p class=\"has-small-font-size\">Para mais informa\u00e7\u00f5es, visite <br><a href=\"http:\/\/www.conasems.org.br\">www.conasems.org.br<\/a><\/p>\n<\/div>\n\n\n\n<div class=\"wp-block-column is-layout-flow\">\n<figure class=\"wp-block-image\"><img decoding=\"async\" loading=\"lazy\" width=\"127\" height=\"88\" src=\"http:\/\/ipads.org.br\/glicamelito\/wp-content\/uploads\/2019\/05\/ico-ipads-1.png\" alt=\"\" class=\"wp-image-87\"\/><\/figure>\n\n\n\n<p class=\"has-small-font-size\">O IPADS \u00e9 uma organiza\u00e7\u00e3o sem fins lucrativos, que atua na perspectiva de contribuir com o desenvolvimento social e com a melhoria da qualidade de vida da popula\u00e7\u00e3o, apoiando a formula\u00e7\u00e3o, implanta\u00e7\u00e3o e avalia\u00e7\u00e3o de pol\u00edticas, programas e projetos. O trabalho do Instituto \u00e9 caracterizado pela interdisciplinaridade, principalmente pela atua\u00e7\u00e3o conjunta de seus associados que buscam uma abordagem integral das necessidades do cidad\u00e3o.<\/p>\n\n\n\n<p class=\"has-small-font-size\">Para mais informa\u00e7\u00f5es, visite <br><a href=\"http:\/\/www.ipads.org.br\">www.ipads.org.br<\/a><\/p>\n<\/div>\n\n\n\n<div class=\"wp-block-column is-layout-flow\">\n<figure class=\"wp-block-image\"><img decoding=\"async\" loading=\"lazy\" width=\"112\" height=\"88\" src=\"http:\/\/ipads.org.br\/glicamelito\/wp-content\/uploads\/2019\/05\/ico-nordisk-1-1.png\" alt=\"\" class=\"wp-image-88\"\/><\/figure>\n\n\n\n<p class=\"has-small-font-size\">A Novo Nordisk \u00e9 uma empresa global de sa\u00fade com mais de 95 anos de inova\u00e7\u00e3o e lideran\u00e7a no tratamento do diabetes. Sua trajet\u00f3ria deu \u00e0 companhia a experi\u00eancia e a capacidade necess\u00e1rias para ajudar pessoas a vencer a obesidade, a hemofilia, os dist\u00farbios do crescimento e outras doen\u00e7as cr\u00f4nicas graves. Sediada na Dinamarca, a Novo Nordisk emprega aproximadamente 43.200 pessoas em 80 afiliadas no mundo e comercializa seus produtos em mais de 170 pa\u00edses.<\/p>\n\n\n\n<p class=\"has-small-font-size\">Para mais informa\u00e7\u00f5es, visite <br><a href=\"http:\/\/www.novonordisk.com.br\">www.novonordisk.com.br<\/a><\/p>\n<\/div>\n<\/div>\n","protected":false},"excerpt":{"rendered":"<p>PROJETO GLICA MELITO I DIABETES MELLITUS TIPO 1:Implementa\u00e7\u00e3o do Protocolo Cl\u00ednico e Diretrizes Terap\u00eauticas (PCDT) no SUS O Conselho Nacional &hellip; <\/p>\n<p><a href=\"https:\/\/ipads.org.br\/glicamelito\/parceria\/\" class=\"more-link\">Ler mais<\/a><\/p>\n","protected":false},"author":1,"featured_media":0,"parent":0,"menu_order":0,"comment_status":"closed","ping_status":"closed","template":"template-parceiros.php","meta":[],"_links":{"self":[{"href":"https:\/\/ipads.org.br\/glicamelito\/wp-json\/wp\/v2\/pages\/35"}],"collection":[{"href":"https:\/\/ipads.org.br\/glicamelito\/wp-json\/wp\/v2\/pages"}],"about":[{"href":"https:\/\/ipads.org.br\/glicamelito\/wp-json\/wp\/v2\/types\/page"}],"author":[{"embeddable":true,"href":"https:\/\/ipads.org.br\/glicamelito\/wp-json\/wp\/v2\/users\/1"}],"replies":[{"embeddable":true,"href":"https:\/\/ipads.org.br\/glicamelito\/wp-json\/wp\/v2\/comments?post=35"}],"version-history":[{"count":9,"href":"https:\/\/ipads.org.br\/glicamelito\/wp-json\/wp\/v2\/pages\/35\/revisions"}],"predecessor-version":[{"id":91,"href":"https:\/\/ipads.org.br\/glicamelito\/wp-json\/wp\/v2\/pages\/35\/revisions\/91"}],"wp:attachment":[{"href":"https:\/\/ipads.org.br\/glicamelito\/wp-json\/wp\/v2\/media?parent=35"}],"curies":[{"name":"wp","href":"https:\/\/api.w.org\/{rel}","templated":true}]}}

<p>PROJETO  GLICA MELITO  I  DIABETES MELLITUS TIPO 1:<br>Implementação do Protocolo Clínico e Diretrizes Terapêuticas (PCDT) no SUS</p>



<div class="wp-block-columns has-3-columns is-layout-flex wp-container-4">
<div class="wp-block-column is-layout-flow">
<figure class="wp-block-image"><img decoding="async" loading="lazy" width="112" height="88" src="http://ipads.org.br/glicamelito/wp-content/uploads/2019/05/ico-conasems-2-1.png" alt="" class="wp-image-86"/></figure>



<p class="has-small-font-size">O Conselho Nacional de Secretarias municipais de Saúde – CONASEMS – nasceu a partir do movimento social em prol da saúde pública e se legitimou como uma força política, que assumiu a missão de agregar e de representar o conjunto de todas as secretarias municipais de saúde do país.</p>



<p class="has-small-font-size">Desde 1988 promove e consolida um novo modelo de gestão pública de saúde alicerçado em conceitos como descentralização e municipalização.</p>



<p class="has-small-font-size">Defendeu de forma incondicional que o sistema público de saúde seria mais eficaz à medida que os municípios deixassem de ser somente executores de ações, e assumissem também o papel de formuladores de políticas públicas. Como artífice de um plano de inclusão social, o CONASEMS passou a auxiliar os municípios na formulação de estratégias voltadas ao aperfeiçoamento dos seus respectivos sistemas de saúde, primando pelo intercâmbio de informações e pela cooperação técnica.</p>



<p class="has-small-font-size">Para mais informações, visite <br><a href="http://www.conasems.org.br">www.conasems.org.br</a></p>
</div>



<div class="wp-block-column is-layout-flow">
<figure class="wp-block-image"><img decoding="async" loading="lazy" width="127" height="88" src="http://ipads.org.br/glicamelito/wp-content/uploads/2019/05/ico-ipads-1.png" alt="" class="wp-image-87"/></figure>



<p class="has-small-font-size">O IPADS é uma organização sem fins lucrativos, que atua na perspectiva de contribuir com o desenvolvimento social e com a melhoria da qualidade de vida da população, apoiando a formulação, implantação e avaliação de políticas, programas e projetos. O trabalho do Instituto é caracterizado pela interdisciplinaridade, principalmente pela atuação conjunta de seus associados que buscam uma abordagem integral das necessidades do cidadão.</p>



<p class="has-small-font-size">Para mais informações, visite <br><a href="http://www.ipads.org.br">www.ipads.org.br</a></p>
</div>



<div class="wp-block-column is-layout-flow">
<figure class="wp-block-image"><img decoding="async" loading="lazy" width="112" height="88" src="http://ipads.org.br/glicamelito/wp-content/uploads/2019/05/ico-nordisk-1-1.png" alt="" class="wp-image-88"/></figure>



<p class="has-small-font-size">A Novo Nordisk é uma empresa global de saúde com mais de 95 anos de inovação e liderança no tratamento do diabetes. Sua trajetória deu à companhia a experiência e a capacidade necessárias para ajudar pessoas a vencer a obesidade, a hemofilia, os distúrbios do crescimento e outras doenças crônicas graves. Sediada na Dinamarca, a Novo Nordisk emprega aproximadamente 43.200 pessoas em 80 afiliadas no mundo e comercializa seus produtos em mais de 170 países.</p>



<p class="has-small-font-size">Para mais informações, visite <br><a href="http://www.novonordisk.com.br">www.novonordisk.com.br</a></p>
</div>
</div>

<p>PROJETO GLICA MELITO I DIABETES MELLITUS TIPO 1:Implementação do Protocolo Clínico e Diretrizes Terapêuticas (PCDT) no SUS O Conselho Nacional &hellip; </p>
<p><a href="https://ipads.org.br/glicamelito/parceria/" class="more-link">Ler mais</a></p>
